and 16?
8
Suppose 61*n = -65*n + 13*n + 26442. What is the greatest common factor of n and 648?
18
Let a = 2269 + -2236. Calculate the highest common divisor of 1749 and a.
33
Let w = 413 + -292. Let y = 804 - 793. Calculate the highest common divisor of y and w.
11
Suppose -14*w = -12*w - 8. Let z(t) = 13 - 13*t + 21*t - 9 + 12. Let f be z(w). What is the greatest common factor of f and 8?
8
Suppose -z + h + 483 + 253 = 0, 0 = -2*z + h + 1472. Calculate the greatest common factor of z and 480.
32
Let p(z) = -z + 43. Let y be p(30). Let d be 1244/22 - y*12/286. Calculate the greatest common divisor of 35 and d.
7
Let l = -13 + 19. Suppose 4*c - l*c + 32 = 0. Suppose 8*w = 10*w - c. What is the greatest common factor of w and 16?
8
Let j(g) = g**2 - g + 36. Let l be j(0). Suppose -3*b - 39 = -27. Let k be 20*9/b*-2. Calculate the highest common divisor of l and k.
18
Let c(a) = -2*a**2 + 45*a + 35. Let i be c(23). Suppose -106*g = -109*g + i. What is the greatest common divisor of g and 92?
4
Suppose 3*f = t - 11 + 28, -3*f + 22 = -2*t. Let y(v) = -2*v + 30. Let a be y(-10). Let x = a - 34. Calculate the greatest common factor of f and x.
4
Suppose -7*f + 2*f + 80 = 0. Let s be (-12976)/22 + (-2)/11. Let h = s - -598. What is the highest common factor of h and f?
8
Suppose -3*y - 12 = 0, -p + 3*p + 4*y + 44 = 0. Let g = 36 + p. Let n be (-1)/11*-167 + (-4)/g. Calculate the highest common factor of 3 and n.
3
Let v = 22 + -10. Suppose v*p - 14*p = -16. Let k be 18/11*((-156)/(-9) - 10). Calculate the highest common factor of k and p.
4
Let z be (9/255*17)/((33/360)/11). Let f(q) = -q**3 - 10*q**2 + 8*q - 15. Let x be f(-11). What is the greatest common divisor of x and z?
18
Let l be (-1 + 199)/(278/695). Calculate the highest common factor of 225 and l.
45
Let p(k) = -7*k - 69. Let j be p(-11). Let w be ((-495)/(-10))/11 - (-12)/j. Calculate the highest common factor of w and 8.
2
Let o be 3239/(-13) + 12/78. Let z = o + 255. Calculate the greatest common factor of 186 and z.
6
Let o(x) = x**2 + 11*x - 216. Let p be o(28). Calculate the greatest common divisor of p and 216.
12
Let r(j) = 7*j**2 + 1. Let g be r(3). Let d = 1979 + -1403. What is the highest common divisor of d and g?
64
Let m be (-5 - -24)*576/2736. Suppose -3*p = 2*f - 17, f + 2*p = -0*f + 8. Calculate the highest common divisor of m and f.
2
Suppose -9449 + 31 - 11910 = -31*y. Calculate the greatest common factor of 52 and y.
4
Let w = -11872 - -12022. What is the greatest common factor of 140 and w?
10
Let s be 8/22 - 5616/(-44). Let l = s - 105. What is the highest common divisor of 299 and l?
23
Let w(z) = 114*z + 2059. Let p be w(-18). Let r be ((-3)/(-6))/(5/30). Calculate the highest common factor of p and r.
1
Suppose -8 = -4*z, 2*c + 3*z + 60 = 5*c. Suppose 6*u - 94 = -5*x + 4*u, x + 2*u = c. Calculate the highest common factor of 117 and x.
9
Let p = 1 - -13. Suppose -21 = p*z - 441. What is the greatest common factor of 250 and z?
10
Let h be (4/6)/(((-126)/27)/14). Let z be -5 + 1214/3 + h/(-6). Calculate the greatest common divisor of 50 and z.
50
Suppose -715 = -13*w - 598. Let f(o) = -o**3 + 7*o**2 + 20*o - 15. Let j be f(w). Suppose t - 4 - 2 = 0. What is the highest common factor of j and t?
3
Suppose -3*q - 8 = -5*i - q, 5*q = 4*i - 3. Suppose -5*p = -10, 5*u - i = -2*p + 6*p. Suppose -s - u = -3*s. Calculate the highest common divisor of 13 and s.
1
Let h = -4824 - -4827. What is the greatest common divisor of 159 and h?
3
Suppose o - 3*d = 43, 4*o - 3*o - 41 = 5*d. Let j = -963 + 1055. What is the greatest common divisor of j and o?
46
Let j be ((-1870)/(-25))/((-20)/(-50)). Calculate the highest common factor of j and 44.
11
Let t(w) = -w + 45. Let f be t(-19). Suppose 0 = 7*r - 3*r - f. Suppose 4*o - 4*p = 92, -3*o - p + 76 = 3*p. Calculate the greatest common divisor of o and r.
8
Let v(m) = -12*m - 25*m + 6*m - 13*m - 56. Let a be v(-4). Calculate the greatest common factor of a and 80.
40
Suppose 76710*b - 76719*b + 93366 = 0. What is the greatest common divisor of 7 and b?
7
Let j(n) = 87*n**2 + 52*n - 795. Let m be j(11). Calculate the highest common factor of m and 32.
32
Suppose 0*o + 5*o = 55. Let u = -194 + 211. Let l = u - o. What is the greatest common factor of l and 42?
6
Let l = 18940 - 11449. What is the greatest common divisor of l and 33?
33
Suppose 26*m + 25*m = -0*m + 6681. What is the greatest common factor of m and 655?
131
Let p(n) = 15*n**2 - 84*n - 22. Let r(k) = -10*k**2 + 56*k + 13. Let a(g) = -5*p(g) - 8*r(g). Let u be a(6). What is the highest common factor of 531 and u?
9
Let m = 25 + -18. Let q be (-12)/42 - (-233)/m. Let l = q + -27. What is the highest common divisor of 18 and l?
6
Suppose -r + 273 = -0*r + 5*a, -5*a = 25. Suppose -4*w = -t + r, -2*t + 3*w + 1218 = 2*t. Calculate the greatest common divisor of t and 68.
34
Let q = -55 + 60. Suppose -20 = -0*k + 5*k, 4*k + 391 = q*b. Calculate the highest common factor of 30 and b.
15
Let o(g) = -35*g**2 - 15 - g**3 + 5*g**2 + 130 - 33*g. Let n be o(-29). What is the greatest common factor of 63 and n?
21
Let d = 42668 + -13728. What is the highest common divisor of 20 and d?
20
Let n(w) = 181*w**2 + 95*w - 11. Let l be n(6). What is the greatest common factor of 50 and l?
25
Let v be ((-819)/(-3))/(4 - 3). Let m be 37 - (2/(-8) + (-2470)/520). What is the highest common factor of v and m?
21
Suppose 4*b = 1210*k - 1211*k + 316, -256 = -3*b + 4*k. Calculate the greatest common factor of 3880 and b.
40
Let v be 910/(-175) + 1/5. Let p be (v/10)/(-3*5/30). Let r(g) = g. Let z be r(1). What is the greatest common divisor of p and z?
1
Let s(g) = 202*g + 640. Let f be s(-3). What is the highest common factor of 7837 and f?
17
Let u = -434 + 437. Calculate the greatest common factor of 438 and u.
3
Let y(p) = -p**3 + 16*p**2 + 19*p - 32. Let d be y(17). Suppose -t - 367 = -5*u, 2*u + 95 - 255 = -4*t. Calculate the greatest common factor of u and d.
2
Suppose 4*t - 885 = 5*g + 1251, -525 = -t - g. What is the greatest common divisor of t and 23?
23
Let w = -67 + 286. Suppose 813*g - 810*g = w. Calculate the highest common divisor of 292 and g.
73
Let y(l) = 6*l - 30. Let j be y(13). Let x = j - 51. Let t be 424/20 + x/15. What is the highest common divisor of 21 and t?
21
Let q be (-1482)/(-10) + (-13)/65. Let o(r) = 4*r**2 - 97*r - 223. Let t be o(27). Calculate the greatest common factor of t and q.
74
Suppose -320 = 193*a - 201*a. Suppose -26*k + 30*k - 96 = 0. Calculate the greatest common divisor of a and k.
8
Let t = -21689 - -21791. What is the highest common divisor of t and 13022?
34
Suppose 13*h + 2648 = 15*h. Let j(p) = 5 + 3*p**3 - 1323*p + h*p - 3*p**2 - p**3. Let i be j(3). Calculate the greatest common divisor of 385 and i.
35
Suppose -x = -5*j + 779, -5*j + 1133*x = 1129*x - 776. What is the greatest common divisor of j and 14248?
52
Let q be 126 + 19/(57/27). Suppose 3*v = -5*j + 680, -5*v + 0*v + 1120 = -5*j. What is the highest common divisor of v and q?
45
Let d = 6085 - 5763. What is the highest common factor of 1449 and d?
161
Let i be (((-78)/20)/((-12)/16))/(17/85). Suppose -2*h - 429 = -5*h. Calculate the highest common factor of h and i.
13
Let t be (-7 + 12)/(-5)*0. Let p be 3600/500*(t - 0 - -30). What is the greatest common factor of 24 and p?
24
Let u be (-12470)/(-129) + (-2)/3. Calculate the greatest common divisor of u and 1692.
12
Let l be (-1)/(-3 + (-4782)/(-1596)). Let y = -126 + l. What is the greatest common factor of y and 35?
35
Suppose -3200 = -3*k + 4*y, k - 1640 + 544 = 5*y. What is the highest common divisor of k and 66?
66
Let j be (-4)/(-10) + 1628/55. Let b(w) = -w**2 - 20*w - 39. Let x be b(-9). What is the greatest common divisor of j and x?
30
Let k(l) = 19*l + 297. Let b be k(12). Calculate the highest common divisor of 90 and b.
15
Let o = -3554 + 3568. Calculate the highest common divisor of o and 350.
14
Suppose -958 = -6*s + 4334. Suppose 20*l - 41*l = -s. What is the highest common divisor of 28 and l?
14
Let f(a) = -4*a**3 - 20*a**2 - a. Let h be f(-5). Suppose -3*n - 110 = -h*l - 8*n, -2*n = l - 22. What is the greatest common divisor of 264 and l?
22
Let f be -3244*((-4)/14 + 12/(-56)). Suppose 0 = -z - 4*j + 803, 2*z 